e 2, what is 1 - 10101100?
-10101011
In base 4, what is -2 + -33122?
-33130
In base 6, what is -54222 + 5?
-54213
In base 11, what is 2 + 17?
19
In base 6, what is -253 + 1?
-252
In base 9, what is 2 - -64?
66
In base 13, what is 4c00 - 4?
4bc9
In base 11, what is 1 - 39?
-38
In base 7, what is 1401 - 2?
1366
In base 9, what is -73 - -4?
-68
In base 5, what is 10 + -111?
-101
In base 15, what is -2 + -a1?
-a3
In base 11, what is 0 - -3283?
3283
In base 13, what is -1b3 - -2?
-1b1
In base 16, what is 3f + -2?
3d
In base 13, what is 3 - -14?
17
In base 15, what is 9a7 + 1?
9a8
In base 11, what is 4 - 52?
-49
In base 6, what is -3 + 450?
443
In base 16, what is 2 + -d2e?
-d2c
In base 10, what is -3 - -10?
7
In base 2, what is -100100 + -1?
-100101
In base 2, what is -11111 + -1110?
-101101
In base 11, what is -67 + 7?
-60
In base 10, what is 93 + 1?
94
In base 13, what is -34b + 5?
-346
In base 15, what is 3 + -a1?
-9d
In base 2, what is -110 + 10011100?
10010110
In base 15, what is 39c + -2?
39a
In base 12, what is -4 + -1a?
-22
In base 6, what is -54 - -340?
242
In base 12, what is -18075 + 3?
-18072
In base 9, what is 2 - 503?
-501
In base 11, what is 5 + -84?
-7a
In base 15, what is -15 - -6?
-e
In base 8, what is 1 - -1554?
1555
In base 12, what is 5 + 471?
476
In base 4, what is 12 + 31213?
31231
In base 2, what is 101 - -10101111?
10110100
In base 2, what is 100100111 + -1000?
100011111
In base 6, what is -40 - -15?
-21
In base 13, what is -4 + -230c?
-2313
In base 5, what is -1013 - 3?
-1021
In base 2, what is 1000110 + -1010?
111100
In base 3, what is 1200102 + -2?
1200100
In base 10, what is 76 - 0?
76
In base 2, what is -1101010 - 100?
-1101110
In base 11, what is -179 - -5?
-174
In base 15, what is 49 + -c?
3c
In base 3, what is 10102 + 1122?
12001
In base 2, what is 1101110 + 10?
1110000
In base 12, what is -281 - -5?
-278
In base 14, what is 5 + a4?
a9
In base 13, what is -1 + -57?
-58
In base 7, what is -13266 + 3?
-13263
In base 15, what is -205 + 9?
-1eb
In base 5, what is -112 - -11?
-101
In base 12, what is -14 + 13?
-1
In base 5, what is 20 + -10?
10
In base 12, what is -2146 - -4?
-2142
In base 3, what is 0 - -21002000?
21002000
In base 2, what is 11101 + 10101?
110010
In base 10, what is -395 + -13?
-408
In base 4, what is -33102 + 20?
-33022
In base 8, what is -5 + -23?
-30
In base 5, what is -2 + 4?
2
In base 2, what is 101 + 111110001?
111110110
In base 15, what is 4 - 35?
-31
In base 14, what is -357 - 3?
-35a
In base 10, what is 28 - -11?
39
In base 14, what is 3 + -1b?
-18
In base 9, what is -180 - -5?
-174
In base 13, what is a52 + 6?
a58
In base 9, what is 1773 - -1?
1774
In base 16, what is 5 + -452?
-44d
In base 8, what is 0 - 60?
-60
In base 15, what is -15 - 0?
-15
In base 11, what is 40 + 0?
40
In base 16, what is -9a - e?
-a8
In base 7, what is 3366 + 11?
3410
In base 5, what is 32 + 3212?
3244
In base 6, what is 0 + 30?
30
In base 2, what is -1 + -111101?
-111110
In base 16, what is 2a - -25?
4f
In base 10, what is 62 - -5?
67
In base 4, what is 13 - -112?
131
In base 4, what is 11 - -320?
331
In base 2, what is 11101 + 10?
11111
In base 14, what is -3 - -4?
1
In base 13, what is 1 + -18?
-17
In base 13, what is 18c - 1?
18b
In base 10, what is 1 + 4990?
4991
In base 2, what is -1 + -100110110?
-100110111
In base 6, what is -1 - 10?
-11
In base 10, what is 616 + -3?
613
In base 2, what is 110100 - -11011?
1001111
In base 5, what is -22 - -143?
121
In base 5, what is 1 + -30212?
-30211
In base 3, what is -10102 + -11?
-10120
In base 6, what is 5 - -341?
350
In base 13, what is 183 - -5?
188
In base 16, what is 11d - 4?
119
In base 2, what is -10100010101010 - 10?
-10100010101100
In base 6, what is 1 + 1140?
1141
In base 10, what is -7 + -3558?
-3565
In base 11, what is 26a - 22?
248
In base 5, what is 2 - -233?
240
In base 5, what is 1400 + -1?
1344
In base 13, what is -c9 - -8?
-c1
In base 13, what is -6 + 480?
477
In base 15, what is 3 + 202?
205
In base 11, what is -8 - 87?
-94
In base 12, what is 2 - -3203?
3205
In base 9, what is 4 - -348?
353
In base 4, what is 11 + 202322?
202333
In base 5, what is 2013 + 3?
2021
In base 4, what is 10 - -101?
111
In base 5, what is -2 + 111234?
111232
In base 7, what is 0 - 115?
-115
In base 8, what is 1332 - -2?
1334
In base 6, what is -15522 - 4?
-15530
In base 10, what is -5 - 1312?
-1317
In base 3, what is -2 - -10002211?
10002202
In base 7, what is -5 - 5612?
-5620
In base 12, what is -7 - -22?
17
In base 14, what is -84 - 14?
-98
In base 11, what is 96a + -5?
965
In base 4, what is -1 + -110?
-111
In base 15, what is -131 + 2?
-12e
In base 4, what is -30 + -21?
-111
In base 15, what is 116 - 2?
114
In base 13, what is -3 - 56?
-59
In base 5, what is -130 - 14?
-144
In base 12, what is -3526 - 5?
-352b
In base 4, what is -1131 + 111?
-1020
In base 2, what is -10101 - 101110?
-1000011
In base 11, what is 0 - 770?
-770
In base 16, what is 34 - -4?
38
In base 15, what is -1ec + -16?
-213
In base 2, what is -10010101110000 - -1?
-10010101101111
In base 16, what is 39a - -4?
39e
In base 11, what is 148 + 2?
14a
In base 12, what is -1 + -28?
-29
In base 14, what is 46d - 5?
468
In base 14, what is -4 - -5a?
56
In base 9, what is -2 + -312?
-314
In base 8, what is 656 - 4?
652
In base 14, what is -4 + 314?
310
In base 13, what is 0 + 5?
5
In base 8, what is 1204 - 1?
1203
In base 4, what is 0 + -233?
-233
In base 10, what is 1 + -20?
-19
In base 3, what is 11002 - -21?
11100
In base 13, what is 143c + -5?
1437
In base 7, what is 1 - -11?
12
In base 11, what is -3 - 27?
-2a
In base 10, what is -9 - -306?
297
In base 11, what is -2 - -104?
102
In base 14, what is -7 - -224?
21b
In base 5, what is -40 - 33?
-123
In base 3, what is -12 + -2010?
-2022
In base 15, what is 0 - -d6?
d6
In base 9, what is 234 - -122?
356
In base 8, what is -6 - -44?
36
In base 14, what is -7 - 4?
-b
In base 8, what is 0 + -27?
-27
In base 6, what is -533 + -35?
-1012
In base 16, what is -4 - 25?
-29
In base 8, what is -4 - -1161?
1155
In base 16, what is -805 - -7?
-7fe
In base 5, what is -323 - 133?
-1011
In base 5, what is 11 - -133?
144
In base 16, what is -20 + 4?
-1c
In base 3, what is -2 - -110121?
110112
In base 11, what is 17 + -20?
-4
In base 14, what is 304 - -9?
30d
In base 11, what is 4 + -2a?
-26
In base 11, what is -2 + 502?
500
In base 7, what is -141 + -4?
-145
In base 10, what is 5 - -310?
315
In base 12, what is 80 + -1?
7b
In base 14, what is cd + 1?
d0
In base 3, what is 2110011 - -11?
2110022
In base 16, what is -5 + ab6?
ab1
In base 2, what is 1001010101 + -11?
1001010010
In base 14, what is 0 + -2b?
-2b
In base 4, what is -13 + 110?
31
In base 8, what is 156 - 4?
152
In base 14, what is -19 - 5?
-20
In base 11, what is 5 + -299?
-294
In base 7, what is -3 + 3051?
3045
In base 9, what is 270 - 13?
256
In base 8, what is -4402 + -2?
-4404
In base 10, what is 99 - 4?
95
In base 3, what is 12 - -10012?
10101
In base 8, what is 12 + 457?
471
In base 15, what is -4a + 5?
-45
In base 7, what is 2 + 2544?
2546
In base 4, what is -11 + -1100003?
-1100020
In base 2, what is -11 - -11010011100?
11010011001
In base 3, what is 11022 - 1211?
2111
In base 8, what is 2213 - -4?
2217
In base 6, what is 3 - -334?
341
In base 13, what is -38c + -2?
-391
In base 12, what is 5 - -1810?
1815
In base 6, what is 25 - -53?
122
In base 10, what is 10 - -278?
288
In base 9, what is 1 + 618?
620
In base 15, what is -17 - 1?
-18
In base 14, what is -1 - -3d?
3c
In base 9, what is -4065 + 0?
-4065
In base 16, what is 1e - 1a?
4
In base 9, what is -5 + 301?
285
In base 11, what is -5 + 301?
2a7
In base 4, what is -13322 - 22?
-20010
In base 15, what is -7 - 13?
-1a
In base 11, what is -5 + 53?
49
In base 14, what is 20a - -3?
20d
In base 14, what is 17 - 26?
-d
In base 13, what is -1 + 73?
72
In base 10, what is -225 - -52?
-173
In base 2, what is -101011 + 1101?
-11110
In base 7, what is 62 + -30?
32
In base 13, what is -2 + 58?
56
In base 2, what is -11 - -1000010100010?
1000010011111
In base 13, what is -3949 - 0?
-3949
In base 3, what is -12 + -1000?
-1012
In base 7, what is -4152 + 22?
-4130
In base 3, what is -1102 - 2020?
-10122
In base 16, what is -3 - 29?
-2c
In base 5, what is 3 + 1311?
1314